{"id":3443,"date":"2025-07-24T07:21:19","date_gmt":"2025-07-24T07:21:19","guid":{"rendered":"https:\/\/for-tech.it\/?page_id=3443"},"modified":"2025-07-31T09:38:36","modified_gmt":"2025-07-31T09:38:36","slug":"prodotti","status":"publish","type":"page","link":"https:\/\/for-tech.it\/?page_id=3443","title":{"rendered":"Prodotti"},"content":{"rendered":"<div  class='flex_column av-4op8wz-6b2dbc611f434b07b5c39f679fd57a48 av_one_half  avia-builder-el-0  el_before_av_one_half  avia-builder-el-first  first flex_column_div  '     ><section  class='av_textblock_section av-mdh2bf55-edf2ddddb63dfe6387091674fd69d006 '   itemscope=\"itemscope\" itemtype=\"https:\/\/schema.org\/CreativeWork\" ><div class='avia_textblock'  itemprop=\"text\" ><p>FOR-TECH \u00e8 in grado di fornire, per l\u2019innovativo processo produttivo, soluzioni personalizzate per esigenze particolari per spessore, composizione della lama raschiatrice o rivettatura, rapidamente e in piccole quantit\u00e0 da testare.<\/p>\n<p>La nostra gamma di produzione si completa di lame crespatrici metalliche e con riporto in carburo sul bisello.<\/p>\n<\/div><\/section><\/div>\n<div  class='flex_column av-34zaer-ff6b8ef4264a7065a5be5f02e0117103 av_one_half  avia-builder-el-2  el_after_av_one_half  el_before_av_section  avia-builder-el-last  flex_column_div  '     ><style type=\"text\/css\" data-created_by=\"avia_inline_auto\" id=\"style-css-av-mdh2bqz8-3176439affc3db7d20ce581e594a775b\">\n.avia-image-container.av-mdh2bqz8-3176439affc3db7d20ce581e594a775b img.avia_image{\nbox-shadow:none;\n}\n.avia-image-container.av-mdh2bqz8-3176439affc3db7d20ce581e594a775b .av-image-caption-overlay-center{\ncolor:#ffffff;\n}\n<\/style>\n<div  class='avia-image-container av-mdh2bqz8-3176439affc3db7d20ce581e594a775b av-styling- avia-align-center  avia-builder-el-3  avia-builder-el-no-sibling '   itemprop=\"image\" itemscope=\"itemscope\" itemtype=\"https:\/\/schema.org\/ImageObject\" ><div class=\"avia-image-container-inner\"><div class=\"avia-image-overlay-wrap\"><img decoding=\"async\" fetchpriority=\"high\" class='wp-image-3357 avia-img-lazy-loading-not-3357 avia_image ' src=\"https:\/\/for-tech.it\/wp-content\/uploads\/2025\/07\/Logo_For-Tech_340x126-300x111.jpg\" alt='' title='Logo_For-Tech_340x126'  height=\"111\" width=\"300\"  itemprop=\"thumbnailUrl\" srcset=\"https:\/\/for-tech.it\/wp-content\/uploads\/2025\/07\/Logo_For-Tech_340x126-300x111.jpg 300w, https:\/\/for-tech.it\/wp-content\/uploads\/2025\/07\/Logo_For-Tech_340x126.jpg 340w\" sizes=\"(max-width: 300px) 100vw, 300px\" \/><\/div><\/div><\/div><\/div>\n<\/div><\/div><\/div><!-- close content main div --><\/div><\/div><div id='av_section_1'  class='avia-section av-m66fdv-f169a53d635aea5a750b1a83068a3081 alternate_color avia-section-large avia-shadow  avia-builder-el-4  el_after_av_one_half  avia-builder-el-last  avia-bg-style-scroll container_wrap sidebar_right'  ><div class='container av-section-cont-open' ><div class='template-page content  av-content-small alpha units'><div class='post-entry post-entry-type-page post-entry-3443'><div class='entry-content-wrapper clearfix'>\n<div  class='flex_column av-kru0gz-952cbbf284eb5814b305f0cc84c974d2 av_one_half  avia-builder-el-5  el_before_av_one_half  avia-builder-el-first  first flex_column_div  '     ><section  class='av_textblock_section av-mdh2s6a6-77d6f7513bd07824083be5642931a721 '   itemscope=\"itemscope\" itemtype=\"https:\/\/schema.org\/CreativeWork\" ><div class='avia_textblock'  itemprop=\"text\" ><h2 style=\"text-align: right;\">Prodotti<\/h2>\n<\/div><\/section><br \/>\n<div  class='hr av-71f0z-a9d48b46344da3e1bc3edb3caec06ca5 hr-short  avia-builder-el-7  el_after_av_textblock  el_before_av_textblock  hr-right'><span class='hr-inner '><span class=\"hr-inner-style\"><\/span><\/span><\/div><br \/>\n<section  class='av_textblock_section av-mdh2rvvd-dea96792314f4377b3cd74380d6a2ae8 '   itemscope=\"itemscope\" itemtype=\"https:\/\/schema.org\/CreativeWork\" ><div class='avia_textblock'  itemprop=\"text\" ><p style=\"text-align: right;\">For-Tech \u00e8 in grado di fornire<\/p>\n<p style=\"text-align: right;\">soluzioni personalizzate per esigenze particolari per spessore,<\/p>\n<p style=\"text-align: right;\">composizione della lama raschiatrice o rivettatura,<\/p>\n<p style=\"text-align: right;\">rapidamente e in piccole quantit\u00e0 da testare.<\/p>\n<\/div><\/section><br \/>\n<div  class='hr av-i6cyhv-cab51563d74996a15a29746dad86c3e0 hr-short  avia-builder-el-9  el_after_av_textblock  el_before_av_button  hr-right'><span class='hr-inner '><span class=\"hr-inner-style\"><\/span><\/span><\/div><br \/>\n<div  class='avia-button-wrap av-fcam9f-d4608176fa9aae21f41a4b5f81576be2-wrap avia-button-right  avia-builder-el-10  el_after_av_hr  avia-builder-el-last '><a href='https:\/\/for-tech.it\/?page_id=3373'  class='avia-button av-fcam9f-d4608176fa9aae21f41a4b5f81576be2 av-link-btn avia-icon_select-yes-left-icon avia-size-large avia-position-right avia-color-theme-color-subtle'   aria-label=\"Contattaci\"><span class='avia_button_icon avia_button_icon_left avia-svg-icon avia-font-svg_entypo-fontello' data-av_svg_icon='14' data-av_iconset='svg_entypo-fontello'><\/span><span class='avia_iconbox_title' >Contattaci<\/span><\/a><\/div><\/p><\/div><div  class='flex_column av-dwzhcj-0afaca063667117aa6010d6eb30b2bf8 av_one_half  avia-builder-el-11  el_after_av_one_half  avia-builder-el-last  flex_column_div  '     ><div  class='avia-icon-list-container av-d1uier-112f6175689b3e7342123fca50074948  avia-builder-el-12  avia-builder-el-no-sibling '><ul class='avia-icon-list avia_animate_when_almost_visible avia-icon-list-left av-iconlist-big av-d1uier-112f6175689b3e7342123fca50074948 avia-iconlist-animate'>\n<li><a href='https:\/\/for-tech.it\/?page_id=3453' title='Materiali in fibra di vetro:'  class='iconlist_icon av-bfx8yr-d352c432ceba2e3d15c8ef6a9021a134 avia-font- avia-svg-icon avia-font-svg_entypo-fontello'><span class='av-icon-char' data-av_svg_icon='43' data-av_iconset='svg_entypo-fontello'><\/span><\/a><article class=\"article-icon-entry \"  itemscope=\"itemscope\" itemtype=\"https:\/\/schema.org\/CreativeWork\" ><div class=\"iconlist_content_wrap\"><header class=\"entry-content-header\" aria-label=\"Icona: &lt;a href=&#039;https:\/\/for-tech.it\/?page_id=3453&#039; title=&#039;Materiali in fibra di vetro:&#039;&gt;Materiali in fibra di vetro:&lt;\/a&gt;\"><h4 class='av_iconlist_title iconlist_title  '  itemprop=\"headline\" ><a href='https:\/\/for-tech.it\/?page_id=3453' title='Materiali in fibra di vetro:'>Materiali in fibra di vetro:<\/a><\/h4><\/header><div class='iconlist_content '  itemprop=\"text\" ><p>Tessuti in fibra di vetro con resina epossidica, materiale con ottima resistenza alla flessione, buona pulizia e vita della lama, additivabili per applicazioni dove si renda necessaria una maggiore resistenza alla alta temperatura.<\/p>\n<\/div><\/div><footer class=\"entry-footer\"><\/footer><\/article><div class=\"iconlist-timeline\"><\/div><\/li>\n<li><a href='https:\/\/for-tech.it\/?page_id=3472' title='Materiali in fibra di carbonio:'  class='iconlist_icon av-8sngqr-63af3eff0f09abbfb58b2f3bb1b00bcb avia-font- avia-svg-icon avia-font-svg_entypo-fontello'><span class='av-icon-char' data-av_svg_icon='51' data-av_iconset='svg_entypo-fontello'><\/span><\/a><article class=\"article-icon-entry \"  itemscope=\"itemscope\" itemtype=\"https:\/\/schema.org\/CreativeWork\" ><div class=\"iconlist_content_wrap\"><header class=\"entry-content-header\" aria-label=\"Icona: &lt;a href=&#039;https:\/\/for-tech.it\/?page_id=3472&#039; title=&#039;Materiali in fibra di carbonio:&#039;&gt;Materiali in fibra di carbonio:&lt;\/a&gt;\"><h4 class='av_iconlist_title iconlist_title  '  itemprop=\"headline\" ><a href='https:\/\/for-tech.it\/?page_id=3472' title='Materiali in fibra di carbonio:'>Materiali in fibra di carbonio:<\/a><\/h4><\/header><div class='iconlist_content '  itemprop=\"text\" ><p>Tessuti in fibra di carbonio e resina epossidica, combinati con fibra di vetro o 100% in fibra di carbonio con diversi tipi di tessuti per garantire un ottima pulizia e vita della lama in ogni situazione.<\/p>\n<\/div><\/div><footer class=\"entry-footer\"><\/footer><\/article><div class=\"iconlist-timeline\"><\/div><\/li>\n<li><a href='https:\/\/for-tech.it\/?page_id=3486' title='Materiali speciali'  class='iconlist_icon av-7a0ik3-391fb3d44eae5f88c21410be58f8591f avia-font- avia-svg-icon avia-font-svg_entypo-fontello'><span class='av-icon-char' data-av_svg_icon='64' data-av_iconset='svg_entypo-fontello'><\/span><\/a><article class=\"article-icon-entry \"  itemscope=\"itemscope\" itemtype=\"https:\/\/schema.org\/CreativeWork\" ><div class=\"iconlist_content_wrap\"><header class=\"entry-content-header\" aria-label=\"Icona: &lt;a href=&#039;https:\/\/for-tech.it\/?page_id=3486&#039; title=&#039;Materiali speciali&#039;&gt;Materiali speciali&lt;\/a&gt;\"><h4 class='av_iconlist_title iconlist_title  '  itemprop=\"headline\" ><a href='https:\/\/for-tech.it\/?page_id=3486' title='Materiali speciali'>Materiali speciali<\/a><\/h4><\/header><div class='iconlist_content '  itemprop=\"text\" ><p>Lame raschiatrici in materiale composito per impieghi delicati con l adozione di tessuti di poliestere o dove si rende necessario un prodotto specifico per risolvere problemi di pulizia o durata, con l\u2019adozione di materiali abrasivi.<\/p>\n<\/div><\/div><footer class=\"entry-footer\"><\/footer><\/article><div class=\"iconlist-timeline\"><\/div><\/li>\n<li><a href='https:\/\/for-tech.it\/?page_id=3493' title='Termoplastiche'  class='iconlist_icon av-5t8v7n-a4665cc2732eb194880c49e20000b010 avia-font- avia-svg-icon avia-font-svg_entypo-fontello'><span class='av-icon-char' data-av_svg_icon='41' data-av_iconset='svg_entypo-fontello'><\/span><\/a><article class=\"article-icon-entry \"  itemscope=\"itemscope\" itemtype=\"https:\/\/schema.org\/CreativeWork\" ><div class=\"iconlist_content_wrap\"><header class=\"entry-content-header\" aria-label=\"Icona: &lt;a href=&#039;https:\/\/for-tech.it\/?page_id=3493&#039; title=&#039;Termoplastiche&#039;&gt;Termoplastiche&lt;\/a&gt;\"><h4 class='av_iconlist_title iconlist_title  '  itemprop=\"headline\" ><a href='https:\/\/for-tech.it\/?page_id=3493' title='Termoplastiche'>Termoplastiche<\/a><\/h4><\/header><div class='iconlist_content '  itemprop=\"text\" ><p>Prodotti termoplastici per applicazioni delicate dove si rende necessario un materiale che non rovini la superficie dei cilindri, bassa resistenza alle temperature.<\/p>\n<\/div><\/div><footer class=\"entry-footer\"><\/footer><\/article><div class=\"iconlist-timeline\"><\/div><\/li>\n<li><a href='https:\/\/for-tech.it\/?page_id=3498' title='Metalliche'  class='iconlist_icon av-3zponn-82ace60aea2929b4d407a6b2bb0194ae avia-font- avia-svg-icon avia-font-svg_entypo-fontello'><span class='av-icon-char' data-av_svg_icon='41' data-av_iconset='svg_entypo-fontello'><\/span><\/a><article class=\"article-icon-entry \"  itemscope=\"itemscope\" itemtype=\"https:\/\/schema.org\/CreativeWork\" ><div class=\"iconlist_content_wrap\"><header class=\"entry-content-header\" aria-label=\"Icona: &lt;a href=&#039;https:\/\/for-tech.it\/?page_id=3498&#039; title=&#039;Metalliche&#039;&gt;Metalliche&lt;\/a&gt;\"><h4 class='av_iconlist_title iconlist_title  '  itemprop=\"headline\" ><a href='https:\/\/for-tech.it\/?page_id=3498' title='Metalliche'>Metalliche<\/a><\/h4><\/header><div class='iconlist_content '  itemprop=\"text\" ><p>Prodotte con acciaio o bronzo di alta qualit\u00e0, utilizzate in molte applicazioni.<\/p>\n<\/div><\/div><footer class=\"entry-footer\"><\/footer><\/article><div class=\"iconlist-timeline\"><\/div><\/li>\n<li><a href='https:\/\/for-tech.it\/?page_id=3507' title='Lame Crespatrici'  class='iconlist_icon av-22cgyr-85c9d4669283b73ba11f4be63078bd3e avia-font- avia-svg-icon avia-font-svg_entypo-fontello'><span class='av-icon-char' data-av_svg_icon='41' data-av_iconset='svg_entypo-fontello'><\/span><\/a><article class=\"article-icon-entry \"  itemscope=\"itemscope\" itemtype=\"https:\/\/schema.org\/CreativeWork\" ><div class=\"iconlist_content_wrap\"><header class=\"entry-content-header\" aria-label=\"Icona: &lt;a href=&#039;https:\/\/for-tech.it\/?page_id=3507&#039; title=&#039;Lame Crespatrici&#039;&gt;Lame Crespatrici&lt;\/a&gt;\"><h4 class='av_iconlist_title iconlist_title  '  itemprop=\"headline\" ><a href='https:\/\/for-tech.it\/?page_id=3507' title='Lame Crespatrici'>Lame Crespatrici<\/a><\/h4><\/header><div class='iconlist_content '  itemprop=\"text\" ><p>Le nostre lame crespatrici sono prodotte con acciaio di alta qualit\u00e0, disponibile con diverse composizioni per avere pi\u00f9 durezza e vita della lama in base alle necessit\u00e0.<\/p>\n<\/div><\/div><footer class=\"entry-footer\"><\/footer><\/article><div class=\"iconlist-timeline\"><\/div><\/li>\n<\/ul><\/div><\/div><\/div><\/div><\/div><!-- close content main div --><\/div><\/div><div id='after_section_1'  class='main_color av_default_container_wrap container_wrap sidebar_right'  ><div class='container av-section-cont-open' ><div class='template-page content  av-content-small alpha units'><div class='post-entry post-entry-type-page post-entry-3443'><div class='entry-content-wrapper clearfix'>\n","protected":false},"excerpt":{"rendered":"","protected":false},"author":1,"featured_media":0,"parent":0,"menu_order":0,"comment_status":"closed","ping_status":"closed","template":"","meta":{"footnotes":""},"class_list":["post-3443","page","type-page","status-publish","hentry"],"_links":{"self":[{"href":"https:\/\/for-tech.it\/index.php?rest_route=\/wp\/v2\/pages\/3443","targetHints":{"allow":["GET"]}}],"collection":[{"href":"https:\/\/for-tech.it\/index.php?rest_route=\/wp\/v2\/pages"}],"about":[{"href":"https:\/\/for-tech.it\/index.php?rest_route=\/wp\/v2\/types\/page"}],"author":[{"embeddable":true,"href":"https:\/\/for-tech.it\/index.php?rest_route=\/wp\/v2\/users\/1"}],"replies":[{"embeddable":true,"href":"https:\/\/for-tech.it\/index.php?rest_route=%2Fwp%2Fv2%2Fcomments&post=3443"}],"version-history":[{"count":9,"href":"https:\/\/for-tech.it\/index.php?rest_route=\/wp\/v2\/pages\/3443\/revisions"}],"predecessor-version":[{"id":3550,"href":"https:\/\/for-tech.it\/index.php?rest_route=\/wp\/v2\/pages\/3443\/revisions\/3550"}],"wp:attachment":[{"href":"https:\/\/for-tech.it\/index.php?rest_route=%2Fwp%2Fv2%2Fmedia&parent=3443"}],"curies":[{"name":"wp","href":"https:\/\/api.w.org\/{rel}","templated":true}]}}